inder when 77 is divided by p(x).
17
Let f(x) = 29*x + 1425. What is the remainder when 814 is divided by f(-42)?
193
Let m(v) = -v**3 - v**2 - 2*v + 1. Let h be m(-2). Suppose -b - 13*g - 9 = -8*g, -3*b = 3*g - h. What is the remainder when 89 is divided by b?
5
Let n(s) = 42*s**3 + s**2 - 6*s - 8. Calculate the remainder when n(3) is divided by 20.
17
Let p(u) = -u + 1. Let z be p(1). Suppose 5*s + k - 210 = z, 5*s - k - 78 - 142 = 0. Calculate the remainder when s is divided by 2/(-2)*1*-15.
13
Suppose 5*y + 2*j - 1737 = 0, -4*y + 4*j + 1384 = -0*y. Calculate the remainder when (6 + -4 - 1)*y is divided by 29.
28
Let f = 18880 + -18864. What is the remainder when 1773 is divided by f?
13
Calculate the remainder when 166 is divided by 2 - ((-8)/(-1) + -15 - -3).
4
Let d = -21614 - -21960. What is the remainder when 720 is divided by d?
28
Let z(v) = -v**2 + 15*v + 8. Let s be z(0). Calculate the remainder when 301 is divided by (7 - (28 - -7))*(-22)/s.
70
Suppose -14*a - a + 240 = 0. Suppose -a*l + 62 = -802. What is the remainder when l is divided by 29?
25
Suppose 3*j = 2*j + 3. Let i = j + 20. Suppose -i = -5*f + 12. What is the remainder when 26 is divided by f?
5
Let b = 51 - -44. Suppose 188 = -19*z + 492. Calculate the remainder when b is divided by z.
15
Suppose -4*c = -h + 475, -3*c - 475 = -h - 7*c. What is the remainder when h is divided by 230?
15
Suppose 4609 + 14290 + 13783 = 26*t. What is the remainder when t is divided by 14?
11
Suppose 18567 + 33409 = -232*y - 17856. Let q(s) = 3*s**3 + s**2 + 7*s + 5. Let p be q(-4). Let n = p - y. Calculate the remainder when n is divided by 21.
18
Suppose 0 = 5780*t + 5779*t - 11555*t - 68. Let p = 3 + 3. What is the remainder when t is divided by p?
5
Let c(r) = -r**3 + 91*r**2 - 182*r + 478. What is the remainder when c(89) is divided by 1?
0
Let s(c) = 2 + 16*c + 47*c - 57*c. Let r(x) = -14*x**3 + x. Calculate the remainder when r(-1) is divided by s(1).
5
Let g(f) = f**2 - 46*f - 256. What is the remainder when g(-74) is divided by 23?
22
Suppose -4*o + 780 = 4*m - 1796, o = -2*m + 648. Let w = o - 567. What is the remainder when 947 is divided by w?
71
Let m(c) = -c**2 - 8*c + 9. Let b be m(-7). Let v = b - -13. Suppose -f = -x + 15, f = -2*x - 0*x + 15. What is the remainder when v is divided by x?
9
Suppose 1315*b = 1301*b + 2842. Calculate the remainder when 388 is divided by b.
185
Suppose 21*j + 2352 = 105*j. What is the remainder when 1959 is divided by j?
27
Suppose -4*s = 4*f - 72, 26 = -s - 5*f + 28. Let t(n) = -18*n + 5. Let k be t(-6). Let o = -7 + k. What is the remainder when o is divided by s?
18
Suppose -5*c + 4*n + 546 = 0, 0 = -c + 2*n + 447 - 345. Calculate the remainder when 752 is divided by c.
68
Let c = -1872 + 2041. Calculate the remainder when c is divided by 38.
17
Let c = 93 + -91. Suppose -l - 56 = -5*l - 2*m, -c*m = -l + 24. Calculate the remainder when 40 is divided by l.
8
Suppose 0 = 3*g - 131 - 37. Calculate the remainder when (-18816)/(-108192)*713/2 is divided by g.
6
Let x(d) = 29*d**2 - 11*d - 23. Suppose j + 5*o = 74, 212 = 5*j - 3*o - 74. Calculate the remainder when x(-2) is divided by j.
56
Let q be (-126269)/(-77) - 1/(-7). Suppose 39*w = q - 392. Calculate the remainder when 93 is divided by w.
29
Let y(m) = m**2 - 8. Suppose 4*r + 5*b - 516 = 0, 5*r - 5*b - 511 = 224. Calculate the remainder when r is divided by y(6).
27
Suppose 0 = 2*k + 72 - 262. Calculate the remainder when k is divided by (48400/60)/22*(-6)/(-10).
7
Let n(j) = 17*j - 906. What is the remainder when n(60) is divided by (-38)/57 + 1/(-6)*-178?
27
Let j(i) = -40*i + 2. Let g be j(-3). Suppose 0 = -m + 5*m - 60. Calculate the remainder when (4 - g/2)*3/(-3) is divided by m.
12
Suppose -13*u - 4524 = -15*u - 11*u. What is the remainder when 1075 is divided by u?
31
Let o = 102 + -102. Suppose o = -2*i - 8, -9*s - 77 = -12*s - 4*i. What is the remainder when s is divided by (-4 + -34)*2/(-4)?
12
Let n(w) = w - 56. Let s be n(-13). Calculate the remainder when 70 is divided by ((-1)/((-6)/s))/(4/(-8)).
1
Suppose 44*q - 335 = 195 - 46. What is the remainder when 2936 is divided by q?
10
Let k(v) = 2*v + 21. Let u(j) = j + 10. Let o(g) = -6*k(g) + 11*u(g). Let t be o(5). Let i = 0 - t. Calculate the remainder when 121 is divided by i.
16
Let v(d) = d**2 + 5*d + 3. Let l be v(0). Suppose 3*o - 129 = o + l*p, -2*p = -2*o + 124. Calculate the remainder when o is divided by 6.
3
Let o = 2578 - 1599. What is the remainder when o is divided by 58?
51
What is the remainder when 826 is divided by (-2 - -1)/(21/(-975)) - 366/854?
44
What is the remainder when (-104704)/(-24) - -2*(-12)/36 is divided by 97?
94
Suppose 3*u = -30*z + 33*z + 10599, 17662 = 5*u - 4*z. What is the remainder when u is divided by 35?
30
Let c(p) = 2*p + 2. Let k(j) = -13*j + 9. Let i(v) = 6*c(v) + k(v). What is the remainder when i(8) is divided by 1 - -9 - (1 + 1)?
5
Suppose 2*a + 12 = 0, 5*s + 229*a = 236*a + 20267. What is the remainder when s is divided by 92?
89
What is the remainder when 1355 is divided by ((-14301)/693)/(2/(-22))?
220
Let k(g) = -7*g**2 + 523*g - 345. What is the remainder when 2898 is divided by k(74)?
23
Let c = 83 - 96. What is the remainder when c/((-13)/110) + 0 is divided by 29?
23
Let r = -15 + 42. Let y = -474 + 886. Suppose -91 = 3*j - y. Calculate the remainder when j is divided by r.
26
Suppose -2*g - p = -503, 0*g - 4*p = g - 220. What is the remainder when 478 is divided by g?
222
Suppose -240 = -4*j - 2*o + 6*o, 3*o - 204 = -3*j. Let q be 20/(-4) - (-11 - -4). What is the remainder when j is divided by (3/(5 - q))/((-10)/(-330))?
31
Let n = 8 + -6. Suppose 0 = 5*o + o - 156. What is the remainder when o is divided by n/(-6)*-39 - -1?
12
Calculate the remainder when 3522 is divided by (63/(-441))/((-6)/966).
3
Suppose -2*x + 4*p + 26 = -x, 5*x - 5 = -5*p. Let g be (-1466)/(-14) + 2/7. Suppose -g = -9*o + 4*o. Calculate the remainder when o is divided by x.
3
Let g be 0/(120/66 - (-4)/22). Suppose -93 = -3*s - g*s. Suppose 48 = 32*u - s*u. What is the remainder when u is divided by 10?
8
Let k(q) = -5*q + 1. Suppose -3*c + 281 = 4*m, -93*m = -3*c - 98*m + 289. What is the remainder when c is divided by k(-3)?
3
Calculate the remainder when (-12 - -3) + -1 - -15051 is divided by 85.
81
Let h = 9903 - 8854. Calculate the remainder when h is divided by 96.
89
Suppose 0 = -4*y - 5*k + 130, 3*k + 2 = -4. Let b = y - 26. Suppose 2*u - b - 41 = 4*o, 31 = u - 4*o. Calculate the remainder when 73 is divided by u.
16
Let x = 7 + 28. Let d = x + 18. Let j = 73 - d. What is the remainder when 37 is divided by j?
17
Let u = -215 + 375. What is the remainder when u is divided by 41?
37
Let u = 9490 - 9413. Calculate the remainder when 1769 is divided by u.
75
Suppose -3*u = -4*z - 824 - 1441, 5*z = 5*u - 2825. Let b = 630 + z. What is the remainder when b is divided by 22?
16
Suppose -144 + 49 = -5*y. What is the remainder when -243*4/6*78/(-52) is divided by y?
15
Let k be -10*65/(-78)*(-6)/10. Let a(j) = 3*j + 28. What is the remainder when a(k) is divided by (2/(-4))/(4/(-64))?
5
Let u = 723 + -480. What is the remainder when 740 is divided by u?
11
Let k be ((-554)/(-8))/((-46)/184). Let a = -208 - k. What is the remainder when a is divided by 9?
6
Suppose 5*h + 11*c = 10*c + 43, -c = -5*h + 37. Suppose h = -2*o + 558. Suppose 3*f - 178 = o. What is the remainder when f is divided by 17?
15
Let p(d) = d**3 + 16*d**2 - d + 4. Let q be (24/(-15))/((-1)/(-5 + -5)). Let u = -35 + 113. Calculate the remainder when u is divided by p(q).
18
Let l be 18/6 + 1 + 7. Let t = l + 96. What is the remainder when t is divided by 10?
7
Suppose 19*h + 37*h - 8436 = -55*h. Let o = -13 - -9. Calculate the remainder when h is divided by (-1)/o - 364/(-16).
7
Let w = -134 - -284. Suppose -4*k = o + 3*o - 156, -o = 4*k - w. What is the remainder when 145 is divided by k?
34
Suppose -17709 = -10*f + 27151. Calculate the remainder when f is divided by 22.
20
Let i(o) = o**3 + 4*o**2 - 3*o. Let j be i(2). Suppose j*x - 21*x = -9. What is the remainder when ((-39)/(-3) - -1) + 1 is divided by x?
0
Suppose 4*x - 16 = -4*t, -6*x - 3*t + 18 = -x. Let k(r) = -r**2 + 10*r - 5. Let b be k(8). Suppose -b = i - 25. 